546 a multiple of 4753?
True
Does 12 divide 173552814?
False
Is 72688588 a multiple of 14?
True
Is 6 a factor of 1704?
True
Is 214 a factor of 2406918990?
True
Is 172 a factor of 18119307?
False
Is 61924158 a multiple of 1062?
True
Is 4610509264 a multiple of 12?
False
Is 37 a factor of 3092941?
True
Is 2418720 a multiple of 2825?
False
Is 45577850 a multiple of 731?
True
Does 154 divide 623808878?
True
Is 4 a factor of 759399260?
True
Is 21 a factor of 12100631?
False
Is 5307164 a multiple of 4?
True
Is 33 a factor of 52321038?
True
Is 1073 a factor of 75406148?
True
Does 18 divide 7951890?
False
Is 55573966 a multiple of 348?
False
Is 247 a factor of 5998148?
True
Is 9 a factor of 77877162?
True
Is 35 a factor of 26539830?
False
Is 3989 a factor of 138545948?
True
Does 13 divide 246090754?
True
Is 72 a factor of 4785105092?
False
Does 191 divide 103701138?
False
Is 217 a factor of 836990266?
True
Is 1999881567 a multiple of 1358?
False
Is 29 a factor of 6981895?
True
Does 830 divide 14393860?
True
Does 695 divide 714537449?
False
Is 46 a factor of 399269098?
True
Is 4746505326 a multiple of 949?
False
Is 457548634 a multiple of 28?
False
Does 198 divide 41674446?
True
Is 39 a factor of 109521592?
False
Is 511866498 a multiple of 75?
False
Does 80 divide 47693680?
True
Is 294 a factor of 116717412?
True
Is 161453716 a multiple of 71?
True
Is 5575534668 a multiple of 7479?
True
Does 40 divide 798823560?
True
Is 8327 a factor of 1108368487?
False
Does 1216 divide 221331456?
True
Is 14455665 a multiple of 35?
True
Is 435926449 a multiple of 25?
False
Does 2241 divide 96405977?
False
Is 556 a factor of 379122963?
False
Is 432310760 a multiple of 83?
False
Does 32 divide 9769563?
False
Is 60 a factor of 1892970240?
True
Is 9195842 a multiple of 662?
True
Is 141542982 a multiple of 939?
True
Is 33888656 a multiple of 1710?
False
Does 88 divide 1355112?
True
Is 22 a factor of 111928433?
False
Does 331 divide 114821252?
True
Is 68 a factor of 44381560?
True
Does 111 divide 26636878?
False
Does 701 divide 53156830?
True
Does 10 divide 4285151?
False
Does 70 divide 456061829?
False
Does 24 divide 1264777011?
False
Is 93860314 a multiple of 16?
False
Is 83 a factor of 261917600?
False
Is 3116 a factor of 628634304?
True
Is 244 a factor of 1973508767?
False
Does 33 divide 165190773?
True
Is 7653 a factor of 4138690043?
False
Is 26653493 a multiple of 193?
True
Does 45 divide 46274374?
False
Does 12 divide 2874600?
True
Is 63391108 a multiple of 3103?
False
Is 49953520 a multiple of 10?
True
Is 1889676348 a multiple of 32?
False
Is 15785134 a multiple of 4?
False
Does 5127 divide 1206904287?
False
Is 594 a factor of 158033248?
False
Is 4957232 a multiple of 14?
True
Is 109646858 a multiple of 866?
True
Is 26 a factor of 238387423?
False
Is 12605411 a multiple of 804?
False
Is 46 a factor of 5745676?
True
Is 631679517 a multiple of 96?
False
Is 397496579 a multiple of 64?
False
Is 28716522 a multiple of 6?
True
Is 509412441 a multiple of 17?
False
Is 2 a factor of 1951844?
True
Is 6 a factor of 179192742?
True
Does 21 divide 1377811722?
True
Does 6 divide 1194374569?
False
Is 46694656 a multiple of 64?
True
Is 116 a factor of 113974292?
True
Is 9911256 a multiple of 1668?
True
Is 14716824 a multiple of 23?
False
Is 22062062 a multiple of 987?
False
Is 523 a factor of 12170210?
True
Is 3077145055 a multiple of 147?
False
Is 13 a factor of 1765888926?
False
Is 70 a factor of 13065573?
False
Does 40 divide 13880195?
False
Does 1844 divide 81110184?
True
Does 26 divide 970435?
False
Is 1796854418 a multiple of 118?
False
Is 143 a factor of 155857697?
False
Is 158439411 a multiple of 54?
False
Is 184 a factor of 8795936?
True
Is 62099481 a multiple of 110?
False
Is 213196573 a multiple of 56?
False
Does 2685 divide 487207910?
False
Does 544 divide 19514704?
False
Does 615 divide 149134926?
False
Does 7015 divide 1244734585?
True
Is 248 a factor of 436293752?
True
Does 2 divide 2816666?
True
Is 221 a factor of 33554178?
False
Is 260622473 a multiple of 5917?
False
Is 42 a factor of 7509768?
True
Is 105506750 a multiple of 2950?
True
Is 1103478860 a multiple of 13?
False
Is 539215327 a multiple of 11937?
False
Is 527 a factor of 52396037?
False
Does 5850 divide 1622743200?
True
Is 126643679 a multiple of 12?
False
Does 176 divide 218209924?
False
Is 176 a factor of 49980964?
False
Is 356861882 a multiple of 2649?
False
Is 8 a factor of 10792921?
False
Is 28 a factor of 57509044?
False
Does 33 divide 44219780?
False
Is 12148738 a multiple of 58?
True
Is 42627739 a multiple of 77?
True
Is 7 a factor of 37557461?
False
Is 6 a factor of 62134194?
True
Does 96 divide 45953088?
True
Does 3 divide 3417213?
True
Does 5028 divide 1001064744?
True
Does 358 divide 302753440?
True
Is 201392595 a multiple of 17?
False
Is 685759062 a multiple of 244?
False
Is 1502 a factor of 116408004?
True
Is 1585947589 a multiple of 23?
True
Does 2859 divide 646471362?
True
Is 187310352 a multiple of 204?
True
Is 1228 a factor of 4979889?
False
Is 52 a factor of 51496517?
False
Is 643 a factor of 90310636?
True
Does 803 divide 615869683?
True
Does 3034 divide 439123440?
False
Does 31 divide 1784264613?
True
Does 25 divide 144956715?
False
Is 155 a factor of 25982612?
False
Is 2620661459 a multiple of 1803?
False
Is 2051 a factor of 197166732?
True
Does 8 divide 3792568?
True
Does 6110 divide 1077302212?
False
Does 26 divide 391272701?
False
Is 22 a factor of 35718298?
True
Is 60939930 a multiple of 4?
False
Is 1191372651 a multiple of 604?
False
Is 164 a factor of 1484916680?
True
Does 52 divide 151973759?
False
Is 51 a factor of 51903669?
True
Is 133743016 a multiple of 22?
True
Is 57078933 a multiple of 1339?
False
Is 1240395 a multiple of 203?
False
Is 792120560 a multiple of 20?
True
Does 55 divide 8524285?
True
Does 5 divide 25465965?
True
Is 74049164 a multiple of 393?
False
Does 176 divide 264932208?
False
Does 159 divide 2893464669?
True
Is 15651908 a multiple of 4?
True
Is 1148 a factor of 71155336?
True
Is 22763316 a multiple of 48?
False
Is 17 a factor of 108623469?
False
Is 374 a factor of 49875585?
False
Is 108237215 a multiple of 2363?
True
Does 13 divide 1741547185?
False
Is 42 a factor of 9490524?
False
Is 60 a factor of 306916740?
True
Is 736256842 a multiple of 1015?
False
Is 702790617 a multiple of 37?
True
Is 2 a factor of 57090128?
True
Does 9 divide 13194117?
True
Is 9 a factor of 623564266?
False
Is 268 a factor of 121064750?
False
Is 125 a factor of 324237000?
True
Is 3 a factor of 1299?
True
Is 28 a factor of 34637680?
True
Is 160 a factor of 506925440?
True
Is 242 a factor of 76128360?
True
Is 1145295 a multiple of 23?
False
Is 437018616 a multiple of 4504?
True
Does 2378 divide 45912980?
False
Does 1258 divide 213482378?
False
Is 3104167989 a multiple of 17?
True
Is 73904807 a multiple of 22?
False
Is 861690300 a multiple of 203?
False
Is 1114406560 a multiple of 503?
True
Is 336415452 a multiple of 1009?
False
Is 2 a factor of 116518391?
False
Is 739226708 a multiple of 22?
True
Is 28742458 a multiple of 18?
False
Is 90 a factor of 647479075?
False
Does 231 divide 2249709?
True
Does 417 divide 988954411?
False
Is 49 a factor of 3749726?
False
Is 166 a factor of 2859522474?
True
Is 28549679 a multiple of 3294?
False
Does 4167 divide 1072202436?
True
Is 576 a factor of 19524813?
False
Is 67 a factor of 15626072?
False
Is 68 a factor of 21010141?
False
Does 28 divide 391755364?
True
Is 8199057 a multiple of 123?
True
Is 9587872 a multiple of 32?
True
Is 120 a factor of 25624680?
True
Does 1361 divide 2251209685?
True
Is 422 a factor of 215453366?
True
Is 540 a factor of 32883840?
True
Is 327 a factor of 81742479?
True
Is 1450 a factor of 55991750?
True
Does 556 divide 482030872?
True
Does 15 divide 9694335?
True
Is 40 a factor of 136206958?
False
Is 172 a factor of 205825532?
False
Is 168617685 a multiple of 1083?
True
Does 32 divide 158692137?
False
Is 15 a factor of 3958800465?
True
Does 5 divide 20781975?
True
Is 8 a factor of 419018920?
True
Is 452420580 a multiple of 411?
True
Does 7 divide 36942374?
True
Is 198 a factor of 424042621?
False
Does 4 divide 5168672?
True
Is 673 a factor of 91757917?
False
Is 16 a factor of 6520624?
True
Does 551 divide 584620